 + 712. What is the greatest common divisor of b and v?
17
Suppose 30 = -4*m + 142. Let f = 54 + -33. Let v = m - f. What is the greatest common factor of v and 63?
7
Let v = 25 - 5. Suppose -v*a - 30 = -22*a. Calculate the greatest common factor of a and 60.
15
Let h = 1020 + -785. What is the greatest common divisor of 10 and h?
5
Suppose 14*z - 320 = -18*z. What is the greatest common factor of z and 95?
5
Let s = -2961 + 3087. What is the greatest common divisor of 18 and s?
18
Let j be (-2 + 3)/(1/(-3)). Let b be (-35)/j - 2/3. Suppose v + 3*v = 4, 5*v - 104 = -m. What is the highest common divisor of m and b?
11
Suppose -s + 201 = -g, -2*s + 397 = -0*s + 3*g. What is the highest common factor of s and 125?
25
Suppose 3*j = 4*n - 188, -n + 188 = 3*n + j. What is the greatest common divisor of 423 and n?
47
Let j(c) = 9*c - 34. Let n be j(4). Let v = n - -13. What is the highest common divisor of v and 105?
15
Suppose 0 = -127*h + 123*h + 2688. Calculate the highest common divisor of 420 and h.
84
Let m(r) = r**3 + 16*r**2 + 9*r - 16. Let u be m(-8). Calculate the highest common divisor of 159 and u.
53
Let p be (-134)/(-10) + 12/(-30). Let j(t) = t**3 + 10*t**2 - t + 94. Let d be j(-10). Calculate the highest common factor of d and p.
13
Suppose 0*c - 3*c = -45. Let y = c - -57. What is the greatest common divisor of y and 9?
9
Let l be 5/(-2) - (-81)/2. What is the greatest common divisor of 266 and l?
38
Let m be (-14)/(-4) + (-2)/4. Suppose -w - m*w - 4 = 0. Let u be -6*(1 + -2 + w). What is the greatest common factor of u and 84?
12
Suppose -4*x = 3*t - 9*x - 149, t - 63 = 5*x. Calculate the greatest common factor of 2881 and t.
43
Suppose 2*i + 4*y = -3*i + 28, 0 = -3*y + 6. Suppose 0*q = -i*q. Suppose 2*f - 7 - 5 = q. Calculate the greatest common divisor of f and 9.
3
Let u(y) = y**3 + 22*y**2 - 8*y + 22. Let l be u(-20). Suppose -4*j = -s - 3*s - 1304, 0 = 3*j - 5*s - l. What is the greatest common factor of j and 36?
36
Suppose b - m - 77 = 0, 34*b - 38*b = 2*m - 314. What is the highest common factor of b and 507?
39
Let t(l) = -l**2 + 33*l - 31. Let m be t(32). What is the greatest common factor of 16 and m?
1
Suppose -l - 4*l - 50 = 0. Let m be 5/(-25) - 212/l. Suppose 55 = v - 2*z, -m = -v - 2*z + 34. Calculate the greatest common divisor of 11 and v.
11
Let j be (-1)/((-3)/(-2)) - (-112)/42. Suppose -5*z = j*z - 420. What is the highest common factor of z and 36?
12
Let h = -803 + 815. What is the greatest common divisor of 108 and h?
12
Let l be 2/(((-36)/(-15))/6). Suppose -l*h + 35 = -0*h. Calculate the greatest common divisor of 21 and h.
7
Let w(v) = v + 4. Let k be w(-2). Let g(f) = f**2 + 38*f - 27. Let b be g(-39). What is the highest common divisor of k and b?
2
Let g = -453 + 1724. Calculate the highest common divisor of g and 31.
31
Suppose -6 + 12 = 2*i. What is the highest common factor of 2 and i?
1
Suppose 5*k + 0*k + 5*n - 295 = 0, 289 = 5*k - n. Let b(x) = 11*x - 4. Let m be b(3). Calculate the greatest common divisor of m and k.
29
Let k(u) = -u + 1. Let m be k(-2). Let y = m + -2. Let z be (0 - -4)*9/y. What is the highest common divisor of 18 and z?
18
Let r(l) = l**3 - l**2 + l. Let x be r(3). Let f = x + -17. Suppose f*h - 35 + 11 = 0. What is the highest common divisor of h and 12?
6
Let g(x) = x**3 + x**2 - 5*x - 14. Let b be g(-4). Let r be (-2128)/b - (2 - 8/6). Calculate the greatest common factor of 20 and r.
10
Suppose -4187 = -21*s + 370. Calculate the greatest common factor of s and 62.
31
Let v = -15 - -30. Suppose -8 = z + v. Let i = z - -24. Calculate the highest common factor of i and 4.
1
Suppose q - 6*q - 10 = 0. Let v(z) = 6*z**2 + 3*z. Let u be v(q). Let n = 2 + u. Calculate the highest common factor of n and 20.
20
Suppose -250 = 58*j - 63*j. Let i be 6/(6/4 - 1). Let f = i - -8. What is the greatest common divisor of j and f?
10
Suppose -76 = -x - 50. What is the greatest common factor of 26 and x?
26
Let r = -8 + 56. What is the greatest common divisor of 264 and r?
24
Let h = -19 - -33. Let j be ((-2)/7)/(-4 - 275/(-70)). Suppose 0 = -j*l + n + 142, 6*l - 3*l - 5*n = 115. Calculate the greatest common factor of h and l.
7
Let o = -30 - 5. Let p = o - -44. What is the highest common divisor of p and 36?
9
Suppose -w + 0*w + 758 = 4*m, w + 2*m - 756 = 0. Calculate the highest common factor of w and 58.
58
Let x = -15 - -33. Let i = -16 + 128. Suppose d = i - 106. Calculate the highest common factor of d and x.
6
Suppose -8 = -3*o - 5*a, -3*a + 9 = 3*o + 3. Calculate the greatest common factor of o and 1.
1
Suppose -819 = -4*x - 3*w, 4*x - 5*w - 618 = 193. Let h be -26*(-5)/10 + -1. What is the highest common divisor of x and h?
12
Let w be (-7)/35 - 1824/(-20). What is the greatest common divisor of w and 14?
7
Let s(g) = 1. Let o(x) = -x - 2. Let k(j) = o(j) - 3*s(j). Let w be k(-6). Let i = 15 - 12. What is the greatest common divisor of i and w?
1
Let m be (-8)/20 + 964/10. Suppose 0 = -3*n - 2*n + 60. Calculate the highest common divisor of n and m.
12
Suppose -3*h - 4*h + 693 = 0. Let n(q) = q**3 - 7*q**2 + 7*q - 7. Let t be n(6). Let f be ((-33)/(-6) + t)*2. Calculate the highest common divisor of h and f.
9
Suppose 5*m - 14 = 26. Let d(t) = -t**2 + 12*t - 10. Let l be d(11). Let z be (55 - l) + 0 + -3 + 5. What is the greatest common divisor of z and m?
8
Let k(y) = y**2 - 5*y - 8. Let d be k(7). Let g = -68 - -98. Let h be ((-252)/g)/((-1)/5). Calculate the greatest common divisor of d and h.
6
Let q be (-5)/15*-3 - -47. Let s = 14 - 12. Suppose s*p - 4*p + 24 = 0. What is the highest common divisor of q and p?
12
Let q be (-4)/(36/(-231)) + (-34)/51. Suppose 0 = -2*g + 215 + 185. Calculate the greatest common divisor of q and g.
25
Let v = 1661 - 996. Calculate the greatest common divisor of v and 19.
19
Suppose -16*v + 3928 = 728. What is the greatest common divisor of v and 20?
20
Let t = 20 - 6. Suppose 17*n - 15 = t*n. Calculate the greatest common factor of 1 and n.
1
Let a(t) = t**3 + t**2 + t. Let y(o) = -6*o**3 - 10*o**2 - 4*o - 7. Let p(b) = -5*a(b) - y(b). Let h be p(-4). What is the highest common divisor of 18 and h?
9
Let j be ((-144)/14)/((-9)/(-126)*-4). Calculate the highest common divisor of j and 252.
36
Let c = 4 - 4. Suppose 2*j - 4*m = -3*j + 346, c = 5*j + 5*m - 310. Let k(l) = l + 12. Let h be k(-6). Calculate the highest common divisor of h and j.
6
Let y = 623 + -596. What is the greatest common divisor of y and 216?
27
Let n be ((-13020)/(-150))/(3/60). Calculate the greatest common factor of n and 56.
56
Let p(o) = -o**3 - o**2 + o. Let r be p(-4). Suppose -5*v + r = -1. Suppose -v*u = -4*u - 15. What is the greatest common divisor of 27 and u?
3
Let y = 38 - 16. Suppose -5*v + 63 = 8. What is the greatest common factor of y and v?
11
Suppose 4*r + 10 = 2*t, 0 = t + 2*r + 1 - 2. Suppose -484 = -5*b + t*b. Calculate the greatest common factor of 22 and b.
22
Suppose -2*m + 9 = -2*i + m, -4*i + m - 3 = 0. Suppose 2*z - 25 - 19 = i. Calculate the greatest common factor of z and 88.
22
Let w be 16/6*(-3)/(-2). Let c(f) = f**3 + 3*f**2 - 6*f - 2. Let h be c(-4). Suppose m - h + 4 = 0. Calculate the highest common divisor of w and m.
2
Let u = 475 + -450. What is the highest common divisor of 65 and u?
5
Let g be 3/(15/80)*1. Let t(z) = -z**3 - 11*z**2 + 8*z - 2. Let c be t(-11). Let f = 154 + c. Calculate the greatest common factor of f and g.
16
Suppose r + 7776 = 37*r. What is the greatest common factor of r and 8?
8
Let y be ((-65)/1)/(8/(-24)). Suppose -2*s = -7*s + 5, 0 = 3*j - 3*s - y. Calculate the highest common divisor of j and 11.
11
Let y(q) = -q**3 + 5*q**2 - 5*q + 4. Let j be y(3). Suppose -143 = j*v - 353. Calculate the highest common divisor of 12 and v.
6
Let r(o) = 63*o - 158. Let y be r(3). What is the greatest common factor of y and 2728?
31
Suppose 13729 = 51*a - 1265. What is the highest common factor of a and 112?
14
Let f be (6/27)/(-14*13/(-819)). Calculate the greatest common factor of 101 and f.
1
Let s be -1 + 0 - (-1 + 0). Suppose s = 4*f - f - 66. Suppose 8*j = -2*j + 110. What is the highest common divisor of f and j?
11
Suppose 2*w + 5*x - 113 = 0, -11*x = -4*w - 7*x + 184. What is the highest common divisor of 637 and